01010001110
In base 12, what is -12517b0 + 5?
-12517a7
In base 6, what is 12504 + -225404?
-212500
In base 12, what is 380b741 - 40?
380b701
In base 4, what is 100011013 - -2312?
100013331
In base 8, what is -4755250626 + -2?
-4755250630
In base 13, what is -4 - -867cc?
867c8
In base 13, what is 0 - 617c8c?
-617c8c
In base 6, what is 1130203212 - -2?
1130203214
In base 9, what is -863 - 41788?
-42762
In base 9, what is -4581 - 100041?
-104632
In base 14, what is 976 - -22497?
2302d
In base 13, what is 1a23ca3 + -1?
1a23ca2
In base 4, what is -3231331231011 + -11?
-3231331231022
In base 6, what is -1 + 545202252?
545202251
In base 14, what is 30868 - -70?
308d8
In base 16, what is -1 + -77e194?
-77e195
In base 3, what is -101011200212101 - 10?
-101011200212111
In base 16, what is -1 + d6fd2b?
d6fd2a
In base 16, what is -62386e - 6?
-623874
In base 2, what is 1011001001101110010 + 1111?
1011001001110000001
In base 5, what is 2432221 + -3240?
2423431
In base 6, what is 25504 + -123114?
-53210
In base 16, what is -98 - -493bc?
49324
In base 11, what is -737 + -596a?
-65a6
In base 10, what is -21 + -373666?
-373687
In base 3, what is -21011010 + -21220021?
-120001101
In base 8, what is -2665 + -22731?
-25616
In base 8, what is -106 - 2032042?
-2032150
In base 6, what is -2100 + 1212532?
1210432
In base 15, what is 307 - -54990?
54c97
In base 13, what is 252993c - 29?
2529913
In base 13, what is 81 + -48ba77?
-48b9c6
In base 16, what is 3e482 + -46?
3e43c
In base 2, what is 11111111100111 + -1010000101000?
10101110111111
In base 12, what is -369b50 - 1?
-369b51
In base 3, what is 20011102010 - 210201?
20010121102
In base 4, what is 10 - 10232202230020?
-10232202230010
In base 8, what is 747 + -5316122?
-5315153
In base 2, what is -101 - -100100110001000111100?
100100110001000110111
In base 6, what is 11050 - -1454044?
1505134
In base 14, what is 3191da + -6d?
31916b
In base 11, what is 6 + 2094421?
2094427
In base 13, what is 1232 + -8b64?
-7932
In base 5, what is -12 + -123304224?
-123304241
In base 14, what is 2 + 98143c?
981440
In base 9, what is -360837822 + 8?
-360837813
In base 9, what is 1857 - -170724?
172682
In base 2, what is -1110110110111001000 - -101?
-1110110110111000011
In base 10, what is 0 + 256013203?
256013203
In base 15, what is -2 + 3d89b7?
3d89b5
In base 7, what is -6600633 - 25?
-6600661
In base 4, what is 10 - 2000012001303?
-2000012001233
In base 14, what is 13b638 - -10?
13b648
In base 6, what is -14 - -14021042511?
14021042453
In base 10, what is -403 - -160681?
160278
In base 4, what is -23231023 - -132001?
-23033022
In base 11, what is 44285a4 - -47?
4428640
In base 12, what is -2ba42a6 - -29?
-2ba4279
In base 16, what is -b5e - 1d60?
-28be
In base 11, what is -2250 + -36?
-2286
In base 10, what is -114336147 - 2?
-114336149
In base 3, what is 1122010112012 - -2020?
1122010121102
In base 5, what is 12323300 + -21220?
12302030
In base 16, what is -13e + -7d787?
-7d8c5
In base 2, what is -1001101 - -1001010110011111111?
1001010110010110010
In base 15, what is 3248 + -18a?
30ad
In base 5, what is 30 - -404411333?
404411413
In base 2, what is 11 - 1001001100101011001?
-1001001100101010110
In base 7, what is 101014316 - -4?
101014323
In base 15, what is 1427 + -37c8?
-23a1
In base 2, what is -1010100101011010111111000 - 101?
-1010100101011010111111101
In base 5, what is 2232310 - 2140?
2230120
In base 14, what is -2 - 8aa968?
-8aa96a
In base 15, what is 5d + -da920?
-da8b2
In base 16, what is -a62658 + 5?
-a62653
In base 8, what is -3062647 + 51?
-3062576
In base 10, what is -1760827 + -3?
-1760830
In base 14, what is -cca - -137d?
493
In base 9, what is 37 + 48407?
48445
In base 9, what is 127064 + -828?
126135
In base 6, what is -4424 - -22544?
14120
In base 15, what is -3 - -2676878?
2676875
In base 14, what is 5482c9c - -2?
5482ca0
In base 4, what is 133022103223 + -22?
133022103201
In base 10, what is 13 - -120201?
120214
In base 10, what is 2 + 10275960?
10275962
In base 10, what is -278 + -15524?
-15802
In base 15, what is -14 - 2a090?
-2a0a4
In base 9, what is 0 - 4482543?
-4482543
In base 12, what is a + 212672?
212680
In base 13, what is 2012c00 - 7?
2012bc6
In base 11, what is 4 + -196346517?
-196346513
In base 3, what is -121010 + 22011000002?
22010101222
In base 9, what is 3431 + -1280?
2141
In base 8, what is 5 - 6247665?
-6247660
In base 13, what is -667 - c7c?
-1616
In base 5, what is 42033402001 - 3?
42033401443
In base 10, what is 5 - 23780733?
-23780728
In base 15, what is 0 - 13194b?
-13194b
In base 12, what is -8632 + -7360?
-13992
In base 5, what is 2004304140222 + 3?
2004304140230
In base 2, what is 100111100 - 1011010111000111?
-1011010010001011
In base 7, what is -21004425 - 2?
-21004430
In base 12, what is 3393 - 6851?
-347a
In base 2, what is -1100110 - 1011111100100?
-1100001001010
In base 6, what is -5 + -5544012134?
-5544012143
In base 13, what is -4 - -6742916?
6742912
In base 7, what is -14055004 - -223?
-14054451
In base 5, what is 23014012 + -101331?
22412131
In base 8, what is -523241 - 4522?
-527763
In base 10, what is 9864 - -12?
9876
In base 4, what is -3303 + 133120001121?
133113331212
In base 5, what is -2000304322 + 10?
-2000304312
In base 7, what is -56 - -11420114?
11420025
In base 9, what is 615 + 12114?
12730
In base 9, what is -1814 + 87723?
85808
In base 15, what is -5 + -10a5dce?
-10a5dd4
In base 14, what is 18db4 - 0?
18db4
In base 10, what is 2179090 + 8?
2179098
In base 7, what is -5566545 - -61?
-5566454
In base 9, what is -4827 + -16532?
-22460
In base 7, what is -3 + 232420?
232414
In base 15, what is 3b9 + 3851?
3c1a
In base 8, what is 35546 + 43467?
101235
In base 7, what is -5462246 - -45?
-5462201
In base 13, what is 1b941bb + 8?
1b941c6
In base 3, what is 1220100121 + -112010?
1212211111
In base 14, what is -9d + -1388a2?
-138961
In base 8, what is 11274427 - 135?
11274272
In base 4, what is 11030210101 + -1132?
11030202303
In base 11, what is -14330611 + 9?
-14330603
In base 11, what is 678a24 - 25?
6789aa
In base 8, what is -424 - -231433?
231007
In base 5, what is -11434 - 301204004?
-301220443
In base 12, what is -9a668 + 12?
-9a656
In base 15, what is -3 - 4236206?
-4236209
In base 11, what is 3194 - -46a76?
4a15a
In base 10, what is -542 + -7257?
-7799
In base 14, what is -2 - 828a809?
-828a80b
In base 6, what is -4004113511 - 3?
-4004113514
In base 16, what is -2 + 31290b?
312909
In base 9, what is -232 - -65575?
65343
In base 9, what is 2 - -7554477?
7554480
In base 15, what is 48 - -b2552?
b259a
In base 9, what is 30 - 376610?
-376570
In base 16, what is 13610 - -15?
13625
In base 7, what is -241045 + 13130?
-224615
In base 2, what is -1001101000100111101110 - 1011?
-1001101000100111111001
In base 12, what is 12488 + -9116?
5372
In base 8, what is -2401 - 430?
-3031
In base 9, what is -182553 + 4207?
-177345
In base 13, what is -170b5a5 - 3?
-170b5a8
In base 2, what is 0 + 10011111011001000110000?
10011111011001000110000
In base 4, what is 223012 + -2122123?
-1233111
In base 13, what is -baaa3 - -36?
-baa6a
In base 10, what is -4 - -6217979?
6217975
In base 8, what is -2320471 - 5?
-2320476
In base 11, what is 105 + -766a57?
-766952
In base 4, what is 230302 - -1010022232?
1010313200
In base 3, what is -121010 + -202020101111?
-202020222121
In base 5, what is -34004030143 - -3?
-34004030140
In base 16, what is 2 - 16c3d1c?
-16c3d1a
In base 4, what is 21231121 - 213102?
21012013
In base 9, what is -1386 + 2704852?
2703455
In base 8, what is -536056 - 3243?
-541321
In base 15, what is -274ae + 206?
-272a8
In base 4, what is -1131210003221 - 3?
-1131210003230
In base 9, what is -2846 + 38548?
35602
In base 13, what is 460119 + -56?
460093
In base 6, what is -41 + -1415445510?
-1415445551
In base 7, what is 622263 - -3155?
625451
In base 16, what is b823 - -463?
bc86
In base 14, what is -18b50 - 85c?
-195ac
In base 12, what is 2114271 - -4?
2114275
In base 14, what is 1d8ca833 + 4?
1d8ca837
In base 6, what is -1 - -100033033?
100033032
In base 4, what is 331102012 + -20123?
331021223
In base 12, what is 185421 + 251?
185672
In base 9, what is 456727 + 237?
457065
In base 16, what is 54bc4d - -b?
54bc58
In base 16, what is -6 - -76dddbe?
76dddb8
In base 7, wh